se 10) in base 15?
-1
Convert 3 (base 8) to base 7.
3
What is -2 (base 7) in base 11?
-2
-320 (base 4) to base 6
-132
What is -37 (base 13) in base 6?
-114
b (base 16) to base 9
12
Convert -2 (base 14) to base 13.
-2
What is -5 (base 8) in base 13?
-5
What is 11 (base 3) in base 12?
4
What is 0 (base 10) in base 9?
0
What is 84 (base 16) in base 14?
96
21 (base 16) to base 15
23
What is 11 (base 7) in base 9?
8
What is 8 (base 15) in base 12?
8
Convert -1d (base 16) to base 9.
-32
What is -1 (base 7) in base 6?
-1
Convert 0 (base 15) to base 14.
0
7 (base 16) to base 4
13
-165 (base 13) to base 7
-510
What is -10011 (base 2) in base 5?
-34
What is -35 (base 14) in base 4?
-233
What is -1 (base 5) in base 16?
-1
What is -56 (base 9) in base 11?
-47
2 (base 13) to base 8
2
-1 (base 15) to base 7
-1
-2 (base 13) to base 6
-2
What is 5 (base 12) in base 14?
5
What is 3a (base 12) in base 16?
2e
Convert -2 (base 8) to base 6.
-2
-140 (base 6) to base 10
-60
120 (base 8) to base 12
68
1111011 (base 2) to base 8
173
What is 18 (base 12) in base 15?
15
10 (base 3) to base 7
3
-55 (base 9) to base 8
-62
Convert 0 (base 6) to base 13.
0
1 (base 8) to base 9
1
What is -116 (base 8) in base 4?
-1032
Convert -45 (base 6) to base 10.
-29
What is 1 (base 4) in base 7?
1
12 (base 5) to base 2
111
What is -78 (base 9) in base 3?
-2122
-2 (base 3) to base 2
-10
1 (base 2) to base 9
1
What is -11000 (base 3) in base 5?
-413
2 (base 9) to base 7
2
What is -48 (base 12) in base 15?
-3b
What is 55 (base 6) in base 3?
1022
Convert -116 (base 7) to base 5.
-222
What is 2 (base 16) in base 11?
2
-7d (base 15) to base 2
-1110110
-5 (base 7) to base 8
-5
-36 (base 9) to base 2
-100001
Convert -221 (base 3) to base 16.
-19
2 (base 3) to base 10
2
What is 102 (base 3) in base 11?
10
What is 6 (base 11) in base 7?
6
What is -15 (base 9) in base 13?
-11
Convert 4 (base 14) to base 3.
11
-7 (base 13) to base 10
-7
What is -78 (base 10) in base 7?
-141
-4e (base 15) to base 16
-4a
Convert 22 (base 12) to base 4.
122
11 (base 15) to base 12
14
What is -9 (base 13) in base 4?
-21
What is 1 (base 2) in base 15?
1
What is -1 (base 8) in base 12?
-1
Convert -2 (base 16) to base 3.
-2
Convert -122 (base 6) to base 3.
-1212
Convert 212 (base 6) to base 9.
88
Convert 1 (base 12) to base 5.
1
22 (base 5) to base 14
c
What is -20 (base 3) in base 13?
-6
-202 (base 6) to base 13
-59
What is -123 (base 8) in base 14?
-5d
4 (base 13) to base 4
10
What is b (base 15) in base 12?
b
2 (base 11) to base 5
2
87 (base 9) to base 11
72
Convert a6 (base 14) to base 7.
266
112 (base 4) to base 16
16
-3 (base 6) to base 5
-3
-213 (base 5) to base 15
-3d
4 (base 8) to base 5
4
-91 (base 16) to base 9
-171
-11 (base 5) to base 14
-6
14 (base 16) to base 10
20
-1 (base 14) to base 7
-1
17 (base 8) to base 13
12
1 (base 10) to base 9
1
What is -39 (base 11) in base 3?
-1120
Convert 0 (base 4) to base 15.
0
3e (base 16) to base 12
52
What is -36 (base 16) in base 5?
-204
Convert -22 (base 11) to base 15.
-19
Convert 24 (base 5) to base 8.
16
What is 75 (base 16) in base 11?
a7
Convert -7b (base 12) to base 7.
-164
What is 233 (base 12) in base 7?
645
Convert 12 (base 3) to base 5.
10
Convert -4 (base 14) to base 15.
-4
-36 (base 10) to base 14
-28
-2 (base 4) to base 9
-2
What is -1 (base 4) in base 16?
-1
-1 (base 3) to base 5
-1
What is e (base 15) in base 4?
32
What is -4 (base 14) in base 7?
-4
-2 (base 7) to base 16
-2
-2131 (base 4) to base 2
-10011101
a6 (base 16) to base 3
20011
Convert e (base 16) to base 2.
1110
What is -74 (base 14) in base 5?
-402
What is 10 (base 4) in base 13?
4
Convert -78 (base 13) to base 16.
-63
What is -4 (base 7) in base 16?
-4
What is 6 (base 7) in base 16?
6
What is 101102 (base 3) in base 2?
100011001
-4 (base 15) to base 8
-4
What is 34 (base 7) in base 14?
1b
5 (base 10) to base 13
5
What is -17 (base 12) in base 16?
-13
What is -3 (base 5) in base 4?
-3
-1 (base 14) to base 9
-1
Convert 2 (base 10) to base 2.
10
-45 (base 6) to base 15
-1e
Convert 4 (base 14) to base 4.
10
10 (base 9) to base 6
13
What is -1 (base 13) in base 7?
-1
-3 (base 10) to base 11
-3
-11 (base 2) to base 4
-3
20 (base 11) to base 6
34
What is -13 (base 4) in base 15?
-7
-81 (base 11) to base 6
-225
201 (base 4) to base 10
33
What is 4 (base 10) in base 5?
4
1 (base 14) to base 6
1
What is 46 (base 16) in base 12?
5a
What is -5 (base 8) in base 15?
-5
-3 (base 9) to base 5
-3
Convert 65 (base 15) to base 4.
1133
What is 2210 (base 3) in base 12?
63
-6 (base 11) to base 13
-6
Convert 122 (base 7) to base 14.
49
Convert -2 (base 14) to base 13.
-2
7 (base 9) to base 14
7
3 (base 10) to base 4
3
What is 2 (base 14) in base 10?
2
What is 142 (base 6) in base 16?
3e
What is -1 (base 11) in base 8?
-1
What is c (base 16) in base 11?
11
Convert -124 (base 5) to base 16.
-27
-3 (base 10) to base 12
-3
-1 (base 5) to base 12
-1
45 (base 7) to base 10
33
Convert -e (base 16) to base 10.
-14
What is 5 (base 15) in base 14?
5
What is -6 (base 16) in base 7?
-6
What is -b (base 13) in base 5?
-21
-7 (base 16) to base 4
-13
Convert 58 (base 10) to base 9.
64
What is -401 (base 5) in base 9?
-122
Convert 53 (base 11) to base 6.
134
What is 6 (base 10) in base 12?
6
16 (base 9) to base 7
21
What is 3 (base 13) in base 16?
3
5 (base 8) to base 2
101
28 (base 10) to base 2
11100
Convert -f (base 16) to base 14.
-11
2 (base 10) to base 11
2
Convert 64 (base 12) to base 10.
76
What is -1 (base 6) in base 9?
-1
121 (base 9) to base 7
202
Convert -1000100 (base 2) to base 10.
-68
-11 (base 6) to base 12
-7
15 (base 13) to base 7
24
What is 2 (base 11) in base 16?
2
Convert 28 (base 12) to base 9.
35
Convert -14 (base 6) to base 4.
-22
What is 112 (base 5) in base 16?
20
What is 1322 (base 5) in base 13?
134
What is 5 (base 13) in base 5?
10
Convert 26 (base 16) to base 5.
123
3 (base 4) to base 10
3
What is -13 (base 13) in base 10?
-16
Convert 20 (base 7) to base 5.
24
Convert -1032 (base 4) to base 10.
-78
Convert 3 (base 7) to base 11.
3
What is b (base 15) in base 13?
b
What is -1101 (base 3) in base 9?
-41
Convert -b8 (base 12) to base 11.
-118
Convert 26 (base 7) to base 8.
24
-2 (base 4) to base 2
-10
-2 (base 12) to base 13
-2
Convert -42 (base 7) to base 10.
-30
Convert 7 (base 13) to base 15.
7
1 (base 10) to base 3
1
What is 1 (base 3) in base 16?
1
-17 (base 8) to base 2
-1111
What is 123 (base 4) in base 3?
1000
Convert 117 (base 9) to base 5.
342
What is 1100 (base 3) in base 10?
36
Convert 56 (base 11) to base 5.
221
What is -40 (base 12) in base 5?
-143
Convert -10 (base 2) to base 8.
-2
-6 (base 13) to base 10
-6
-38 (base 10) to base 14
-2a
-1 (base 15) to base 16
-1
What is -1242 (base 5) in base 16?
-c5
1 (base 10) to base 16
1
Convert 12 (base 14) to base 6.
24
7 (base 11) to base 15
7
What is 1 (base 12) in base 10?
1
-6 (base 9) to base 15
-6
Convert 10 (base 6) to base 10.
6
Convert 10 (base 7) to base 3.
21
What is -11011 (base 3) in base 14?
-80
303 (base 8) to base 9
236
-7 (base 8) to base 15
-7
What is 74 (base 8) in base 5?
220
What is -1 (base 8) in base 3?
-1
-232 (base 4) to base 5
-141
-122 (base 5) to base 4
-211
What is 10 (base 6) in base 14?
6
What is -1a (base 13) in base 16?
-17
-11020 (base 3) to base 16
-72
What is 4a (base 16) in base 4?
1022
What is 15 (base 12) in base 11?
16
Convert 35 (base 11) to base 4.
212
Convert 11 (base 3) to base 9.
4
2 (base 7) to base 13
2
194 (base 13) to base 12
202
What is 8 (base 9) in base 10?
8
What is -15 (base 11) in base 2?
-10000
What is -17 (base 11) in base 16?
-12
What is 3 (base 10) in base 11?
3
What is -64 (base 8) in base 13?
-40
What is -3 (base 14) in base 13?
-3
Convert -3 (base 10) to base 5.
-3
Convert 34 (base 5) to base 9.
21
What is 11 (base 8) in base 11?
9
What is 242 (base 9) in base 8?
310
What is 70 (base 12) in base 9?
103
What is 3 (base 13) in base 6?
3
23 (base 9) to base 3
210
Convert -54 (base 16) to base 12.
-70
Convert -30 (base 7) to base 11.
-1a
What is 14 (base 10) in base 8?
16
What is 2 (base 4) in base 7?
2
e (base 15) to base 2
1110
-2 (base 9) to base 13
-2
What is 3 (base 4) in base 8?
3
Convert 1 (base 16) to base 9.
1
Convert 5 (base 10) to base 5.
10
Convert 1404 (base 6) to base 10.